2141
b025 (base 12) to base 5
1102122
What is -15353 (base 8) in base 15?
-2096
Convert -3561 (base 16) to base 5.
-414130
What is 10101 (base 2) in base 7?
30
-111101011 (base 2) to base 14
-271
Convert 1b02 (base 15) to base 2.
1011011011100
What is -9440 (base 15) in base 12?
-16173
Convert -22a14 (base 11) to base 2.
-1000000110010001
-54c1 (base 13) to base 11
-8974
Convert 1730 (base 8) to base 14.
504
Convert 5223 (base 7) to base 12.
1086
Convert -13604 (base 7) to base 12.
-21a8
What is 1937 (base 13) in base 2?
111010110100
Convert -3214 (base 5) to base 10.
-434
What is -832 (base 16) in base 8?
-4062
What is 763 (base 14) in base 6?
10431
What is 1638 (base 10) in base 9?
2220
Convert 4b67 (base 15) to base 10.
16072
What is -1123131 (base 4) in base 12?
-3479
Convert 2d19 (base 14) to base 11.
6067
What is -23240 (base 5) in base 7?
-4641
Convert -2020102 (base 3) to base 16.
-65f
-28b4 (base 15) to base 5
-234334
What is 1522 (base 15) in base 6?
32552
What is -e95 (base 15) in base 12?
-1aa2
Convert -905 (base 11) to base 16.
-446
c3ed (base 16) to base 4
30033231
Convert -1206 (base 11) to base 5.
-22304
Convert -1009 (base 11) to base 9.
-1748
What is 9b7 (base 13) in base 2?
11010000111
What is 171 (base 8) in base 14?
89
What is -1220122120 (base 3) in base 13?
-141a5
Convert 1ee0 (base 15) to base 2.
1101001001111
What is -8326 (base 10) in base 14?
-306a
-1498 (base 13) to base 2
-101110110110
-120b (base 12) to base 5
-31102
What is 14 (base 9) in base 11?
12
Convert 20020311 (base 4) to base 10.
33333
What is 1213131 (base 4) in base 12?
39b9
-232 (base 13) to base 6
-1431
Convert d45b (base 14) to base 7.
211344
What is 2979 (base 11) in base 9?
5233
What is 20211 (base 5) in base 9?
1711
Convert -3003 (base 8) to base 12.
-a83
What is 10042 (base 7) in base 12?
14a7
Convert 1369 (base 15) to base 7.
15045
13a33 (base 12) to base 4
12230013
What is 1114 (base 7) in base 6?
1511
Convert 22100 (base 5) to base 9.
2074
Convert -779a (base 11) to base 10.
-10273
Convert 243 (base 11) to base 6.
1201
What is 133 (base 14) in base 10?
241
What is -2223 (base 6) in base 16?
-207
-2230 (base 7) to base 12
-571
-4340 (base 7) to base 4
-120023
What is -10114 (base 6) in base 7?
-3625
What is -63534 (base 8) in base 16?
-675c
-281 (base 15) to base 14
-2cb
What is -110003 (base 6) in base 16?
-2373
Convert -13233 (base 9) to base 13.
-40b9
Convert -222122 (base 3) to base 16.
-2cf
What is 4498 (base 12) in base 3?
101102122
Convert -754 (base 14) to base 7.
-4134
What is 106630 (base 8) in base 5?
2124443
-165 (base 11) to base 6
-520
What is 1405b (base 14) in base 9?
74770
Convert 4884 (base 13) to base 6.
115240
Convert -618 (base 9) to base 6.
-2155
20007 (base 11) to base 14
a961
23111 (base 7) to base 3
22002002
What is -346 (base 10) in base 6?
-1334
What is 20545 (base 7) in base 4?
1033120
-103011 (base 8) to base 15
-a278
-56a (base 14) to base 7
-3063
Convert 311 (base 12) to base 6.
2021
330 (base 11) to base 6
1500
Convert 30233 (base 4) to base 12.
57b
-1101110010 (base 2) to base 11
-732
What is 567 (base 11) in base 8?
1246
Convert -1252 (base 11) to base 16.
-65e
What is 18d1 (base 14) in base 4?
1012033
What is -2002 (base 5) in base 11?
-20a
What is -161 (base 12) in base 13?
-139
What is 609 (base 14) in base 5?
14220
What is -4a7e (base 16) in base 4?
-10221332
Convert 4013 (base 5) to base 4.
13330
Convert 110010010 (base 2) to base 16.
192
Convert -2022111 (base 3) to base 13.
-9ca
What is 132 (base 10) in base 16?
84
Convert -27766 (base 8) to base 11.
-9252
-480 (base 11) to base 7
-1445
Convert -1100111100111 (base 2) to base 15.
-1e71
-355 (base 15) to base 6
-3255
Convert -25128 (base 13) to base 12.
-33646
What is -7951 (base 13) in base 10?
-16966
What is -350 (base 16) in base 5?
-11343
7761 (base 11) to base 8
23767
b3a (base 14) to base 7
6303
What is -2023 (base 4) in base 3?
-12011
Convert 323322 (base 4) to base 13.
198c
-39b (base 14) to base 16
-2d5
What is 11112211 (base 3) in base 4?
303310
20421 (base 5) to base 4
111101
What is 124435 (base 7) in base 6?
255231
Convert -279 (base 12) to base 9.
-463
Convert ac44 (base 16) to base 14.
12100
What is 100212101 (base 4) in base 12?
33415
ac (base 16) to base 6
444
Convert -3322 (base 5) to base 15.
-20c
Convert 3b76 (base 12) to base 11.
5175
Convert 6482 (base 12) to base 9.
16128
Convert 110001220 (base 3) to base 2.
10001001011111
220165 (base 8) to base 11
50532
-2013 (base 5) to base 4
-10002
What is 200022 (base 3) in base 7?
1304
What is 55134 (base 9) in base 4?
20323102
Convert -4725a (base 11) to base 3.
-10110112111
Convert -3997 (base 10) to base 14.
-1657
139b (base 13) to base 7
11154
What is -2065 (base 9) in base 13?
-8c9
What is -126 (base 13) in base 16?
-c9
What is -1001110000001111 (base 2) in base 6?
-504543
-2a6 (base 11) to base 4
-11212
Convert -1112000 (base 3) to base 9.
-1460
What is 84b (base 13) in base 11?
1077
What is 1258 (base 13) in base 12?
1614
Convert 2a72 (base 14) to base 5.
220143
Convert 93c (base 15) to base 9.
2763
Convert -1292 (base 16) to base 6.
-34002
13d62 (base 14) to base 9
74537
What is -10100011001100 (base 2) in base 16?
-28cc
636 (base 9) to base 10
519
Convert 2256 (base 8) to base 13.
712
What is 64a (base 13) in base 10?
1076
What is 12003 (base 7) in base 16?
c12
-252c8 (base 13) to base 16
-10c01
What is -1522 (base 8) in base 13?
-505
What is 3229 (base 10) in base 3?
11102121
What is -1bb4 (base 16) in base 4?
-1232310
Convert -570 (base 12) to base 8.
-1444
Convert -541546 (base 7) to base 4.
-113000311
Convert 9db (base 14) to base 5.
30312
What is -30001313 (base 4) in base 6?
-1020035
Convert -21252 (base 6) to base 4.
-231200
-103221 (base 5) to base 11
-2748
18042 (base 9) to base 4
3002033
Convert -1001110011011100 (base 2) to base 7.
-225034
111100001110110 (base 2) to base 14
b34a
What is -d78 (base 16) in base 4?
-311320
60d7 (base 16) to base 13
b390
2691b (base 12) to base 4
30332213
What is -605 (base 9) in base 7?
-1301
What is 10512 (base 9) in base 12?
4055
What is 8447 (base 13) in base 10?
18311
-111001001011 (base 2) to base 11
-2827
Convert 104424 (base 5) to base 2.
111010011011
What is -1022102 (base 3) in base 14?
-4c4
c5a (base 15) to base 14
102d
33550 (base 7) to base 14
3160
Convert 1184 (base 11) to base 6.
11052
Convert 1843 (base 16) to base 15.
1c91
What is -10100101000 (base 2) in base 7?
-3564
What is 12110 (base 4) in base 6?
1512
-57 (base 11) to base 15
-42
Convert -2633 (base 7) to base 6.
-4352
Convert -24220 (base 5) to base 8.
-3422
What is -212012121 (base 3) in base 4?
-10020112
310413 (base 5) to base 2
10011101111100
Convert 2043040 (base 5) to base 10.
34145
Convert -1788 (base 14) to base 2.
-1000010001100
What is 24403 (base 5) in base 10?
1853
11011201 (base 3) to base 6
22031
532f (base 16) to base 12
103a7
What is -444 (base 6) in base 2?
-10101100
What is 3a3c (base 16) in base 13?
6a2a
Convert -2012021200 (base 3) to base 8.
-124322
-54a (base 14) to base 4
-100112
28615 (base 12) to base 6
1112025
Convert 212010202 (base 3) to base 6.
210032
What is 374 (base 15) in base 3?
1002001
Convert 264 (base 13) to base 12.
2b0
Convert 112000 (base 3) to base 7.
1050
-2032 (base 6) to base 12
-318
What is 103411 (base 5) in base 9?
4846
What is -5592 (base 12) in base 13?
-4406
Convert -140032 (base 5) to base 16.
-160a
11222310 (base 4) to base 12
11530
What is 130334 (base 6) in base 2?
10111000010010
What is 2220313 (base 4) in base 10?
10807
Convert -12318 (base 10) to base 9.
-17806
3331 (base 9) to base 3
10101001
Convert 643 (base 11) to base 3.
1001122
-1615 (base 10) to base 4
-121033
1423 (base 6) to base 13
22b
Convert -10010110011000 (base 2) to base 10.
-9624
Convert 1142241 (base 5) to base 16.
5443
Convert 2331 (base 5) to base 14.
1a5
386c (base 16) to base 13
6761
1632 (base 12) to base 3
10121102
23212 (base 5) to base 2
11010010010
Convert 940 (base 12) to base 7.
3630
-1001000110100110 (base 2) to base 11
-26017
-102233220 (base 4) to base 2
-10010101111101000
Convert 2333030 (base 4) to base 9.
17705
120010111 (base 3) to base 5
323104
Convert -21b13 (base 13) to base 6.
-1151150
Convert 1a398 (base 15) to base 2